[INFO] cloning repository https://github.com/NexiePrado/rust-test-task
[INFO] running `Command { std: "git" "-c" "credential.helper=" "-c" "credential.helper=/workspace/cargo-home/bin/git-credential-null" "clone" "--bare" "https://github.com/NexiePrado/rust-test-task" "/workspace/cache/git-repos/https%3A%2F%2Fgithub.com%2FNexiePrado%2Frust-test-task", kill_on_drop: false }`
[INFO] [stderr] Cloning into bare repository '/workspace/cache/git-repos/https%3A%2F%2Fgithub.com%2FNexiePrado%2Frust-test-task'...
[INFO] running `Command { std: "git" "rev-parse" "HEAD", kill_on_drop: false }`
[INFO] [stdout] ef55f636fe6afe4f6e79050205d03c77d7f95877
[INFO] checking NexiePrado/rust-test-task against try#72f88fc4e9458f89516a0b8b0868f3718aec5b47 for pr-74989
[INFO] running `Command { std: "git" "clone" "/workspace/cache/git-repos/https%3A%2F%2Fgithub.com%2FNexiePrado%2Frust-test-task" "/workspace/builds/worker-5/source", kill_on_drop: false }`
[INFO] [stderr] Cloning into '/workspace/builds/worker-5/source'...
[INFO] [stderr] done.
[INFO] validating manifest of git repo https://github.com/NexiePrado/rust-test-task on toolchain 72f88fc4e9458f89516a0b8b0868f3718aec5b47
[INFO] running `Command { std: "/workspace/cargo-home/bin/cargo" "+72f88fc4e9458f89516a0b8b0868f3718aec5b47" "read-manifest" "--manifest-path" "Cargo.toml", kill_on_drop: false }`
[INFO] started tweaking git repo https://github.com/NexiePrado/rust-test-task
[INFO] finished tweaking git repo https://github.com/NexiePrado/rust-test-task
[INFO] tweaked toml for git repo https://github.com/NexiePrado/rust-test-task written to /workspace/builds/worker-5/source/Cargo.toml
[INFO] crate git repo https://github.com/NexiePrado/rust-test-task already has a lockfile, it will not be regenerated
[INFO] running `Command { std: "/workspace/cargo-home/bin/cargo" "+72f88fc4e9458f89516a0b8b0868f3718aec5b47" "fetch" "--locked" "--manifest-path" "Cargo.toml", kill_on_drop: false }`
[INFO] running `Command { std: "docker" "create" "-v" "/var/lib/crater-agent-workspace/builds/worker-5/target:/opt/rustwide/target:rw,Z" "-v" "/var/lib/crater-agent-workspace/builds/worker-5/source:/opt/rustwide/workdir:ro,Z" "-v" "/var/lib/crater-agent-workspace/cargo-home:/opt/rustwide/cargo-home:ro,Z" "-v" "/var/lib/crater-agent-workspace/rustup-home:/opt/rustwide/rustup-home:ro,Z" "-e" "SOURCE_DIR=/opt/rustwide/workdir" "-e" "CARGO_TARGET_DIR=/opt/rustwide/target" "-e" "CARGO_HOME=/opt/rustwide/cargo-home" "-e" "RUSTUP_HOME=/opt/rustwide/rustup-home" "-w" "/opt/rustwide/workdir" "-m" "1610612736" "--user" "0:0" "--network" "none" "rustops/crates-build-env@sha256:d92eaeed33fa75130ca1ee6c8a01d1ffb62bac859dfdfb3450e3e5d1c0146529" "/opt/rustwide/cargo-home/bin/cargo" "+72f88fc4e9458f89516a0b8b0868f3718aec5b47" "metadata" "--no-deps" "--format-version=1", kill_on_drop: false }`
[INFO] [stdout] 74f46bc5d71bd350718f3a850025b286cf15f776af25f708a7b23e816e2e929c
[INFO] [stderr] WARNING: Your kernel does not support swap limit capabilities or the cgroup is not mounted. Memory limited without swap.
[INFO] running `Command { std: "docker" "start" "-a" "74f46bc5d71bd350718f3a850025b286cf15f776af25f708a7b23e816e2e929c", kill_on_drop: false }`
[INFO] running `Command { std: "docker" "inspect" "74f46bc5d71bd350718f3a850025b286cf15f776af25f708a7b23e816e2e929c", kill_on_drop: false }`
[INFO] running `Command { std: "docker" "rm" "-f" "74f46bc5d71bd350718f3a850025b286cf15f776af25f708a7b23e816e2e929c", kill_on_drop: false }`
[INFO] [stdout] 74f46bc5d71bd350718f3a850025b286cf15f776af25f708a7b23e816e2e929c
[INFO] running `Command { std: "docker" "create" "-v" "/var/lib/crater-agent-workspace/builds/worker-5/target:/opt/rustwide/target:rw,Z" "-v" "/var/lib/crater-agent-workspace/builds/worker-5/source:/opt/rustwide/workdir:ro,Z" "-v" "/var/lib/crater-agent-workspace/cargo-home:/opt/rustwide/cargo-home:ro,Z" "-v" "/var/lib/crater-agent-workspace/rustup-home:/opt/rustwide/rustup-home:ro,Z" "-e" "SOURCE_DIR=/opt/rustwide/workdir" "-e" "CARGO_TARGET_DIR=/opt/rustwide/target" "-e" "CARGO_INCREMENTAL=0" "-e" "RUST_BACKTRACE=full" "-e" "RUSTFLAGS=--cap-lints=forbid" "-e" "CARGO_HOME=/opt/rustwide/cargo-home" "-e" "RUSTUP_HOME=/opt/rustwide/rustup-home" "-w" "/opt/rustwide/workdir" "-m" "1610612736" "--user" "0:0" "--network" "none" "rustops/crates-build-env@sha256:d92eaeed33fa75130ca1ee6c8a01d1ffb62bac859dfdfb3450e3e5d1c0146529" "/opt/rustwide/cargo-home/bin/cargo" "+72f88fc4e9458f89516a0b8b0868f3718aec5b47" "check" "--frozen" "--all" "--all-targets" "--message-format=json", kill_on_drop: false }`
[INFO] [stdout] d08dca26ee1a910ce02916108e73bdf258f080f1b8b1d54e20bbd90db7bd08cb
[INFO] [stderr] WARNING: Your kernel does not support swap limit capabilities or the cgroup is not mounted. Memory limited without swap.
[INFO] running `Command { std: "docker" "start" "-a" "d08dca26ee1a910ce02916108e73bdf258f080f1b8b1d54e20bbd90db7bd08cb", kill_on_drop: false }`
[INFO] [stderr]     Checking miner v0.1.0 (/opt/rustwide/workdir)
[INFO] [stdout] error[E0277]: can't compare `&str` with `str`
[INFO] [stdout]   --> src/main.rs:18:27
[INFO] [stdout]    |
[INFO] [stdout] 18 |                     (cell.eq(MINE_SIGN)) as u32
[INFO] [stdout]    |                           ^^ no implementation for `&str == str`
[INFO] [stdout]    |
[INFO] [stdout]    = help: the trait `PartialEq<str>` is not implemented for `&str`
[INFO] [stdout] 
[INFO] [stdout] 
[INFO] [stdout] error[E0277]: can't compare `&str` with `str`
[INFO] [stdout]   --> src/main.rs:47:29
[INFO] [stdout]    |
[INFO] [stdout] 47 |                     if cell.eq(ZERO_SIGN) {
[INFO] [stdout]    |                             ^^ no implementation for `&str == str`
[INFO] [stdout]    |
[INFO] [stdout]    = help: the trait `PartialEq<str>` is not implemented for `&str`
[INFO] [stdout] 
[INFO] [stdout] 
[INFO] [stdout] error: aborting due to 2 previous errors
[INFO] [stdout] 
[INFO] [stdout] 
[INFO] [stdout] For more information about this error, try `rustc --explain E0277`.
[INFO] [stdout] 
[INFO] [stdout] error[E0277]: can't compare `&str` with `str`
[INFO] [stdout]   --> src/main.rs:18:27
[INFO] [stdout]    |
[INFO] [stdout] 18 |                     (cell.eq(MINE_SIGN)) as u32
[INFO] [stdout]    |                           ^^ no implementation for `&str == str`
[INFO] [stdout]    |
[INFO] [stdout]    = help: the trait `PartialEq<str>` is not implemented for `&str`
[INFO] [stdout] 
[INFO] [stdout] 
[INFO] [stderr] error: could not compile `miner`.
[INFO] [stdout] error[E0277]: can't compare `&str` with `str`
[INFO] [stdout]   --> src/main.rs:47:29
[INFO] [stdout]    |
[INFO] [stdout] 47 |                     if cell.eq(ZERO_SIGN) {
[INFO] [stdout]    |                             ^^ no implementation for `&str == str`
[INFO] [stdout]    |
[INFO] [stdout]    = help: the trait `PartialEq<str>` is not implemented for `&str`
[INFO] [stdout] 
[INFO] [stdout] 
[INFO] [stderr] 
[INFO] [stderr] To learn more, run the command again with --verbose.
[INFO] [stderr] warning: build failed, waiting for other jobs to finish...
[INFO] [stdout] error: aborting due to 2 previous errors
[INFO] [stdout] 
[INFO] [stdout] 
[INFO] [stdout] For more information about this error, try `rustc --explain E0277`.
[INFO] [stdout] 
[INFO] [stderr] error: build failed
[INFO] running `Command { std: "docker" "inspect" "d08dca26ee1a910ce02916108e73bdf258f080f1b8b1d54e20bbd90db7bd08cb", kill_on_drop: false }`
[INFO] running `Command { std: "docker" "rm" "-f" "d08dca26ee1a910ce02916108e73bdf258f080f1b8b1d54e20bbd90db7bd08cb", kill_on_drop: false }`
[INFO] [stdout] d08dca26ee1a910ce02916108e73bdf258f080f1b8b1d54e20bbd90db7bd08cb
